 = -w*h + 3 + 3*h + h**3 - 4*h. Let m(f) = f**3 + 7*f**2 + 5*f - 4. Let y be m(-6). Determine o(y).
5
Let x(u) = -2*u**3 - 2*u**2 + 1. Let z(v) = -4*v**3 - 4*v**2 + 2. Let o be 4/18 - (-32)/18. Suppose o*q = -2*q + 20. Let a(t) = q*x(t) - 2*z(t). Give a(-2).
9
Let f(c) = -c**2 + c - 9. Let d(h) = 2*h**2 - h + 17. Let m(r) = 6*d(r) + 11*f(r). Let n be m(-5). Let t(o) = n*o - 2*o**2 + 0*o**2 + 3*o**2. Determine t(-5).
10
Let s(y) = -8 - 9 + 31 - 10 - y. What is s(10)?
-6
Let h(u) = -u**3 - 2*u**2 - u + 2. Suppose 3*o - 8 = 2*a + 5*o, -5*o = 10. Let m be h(a). Let s(t) be the second derivative of -t**3/6 - t**2 - 3*t. Give s(m).
-6
Let w(f) be the second derivative of -f**3/6 - 3*f**2/2 + 3*f. Let x = -1 + 4. Suppose -4*y + x = -3*b, 0 = 2*y - 6*y - 3*b - 27. Give w(y).
0
Suppose -j - 8 = -3*p, 15 = 4*p - 3*j - 4. Let m(w) = -3*w - 3. Let b(r) = 4*r + 4. Let x(k) = -2*b(k) - 3*m(k). Give x(p).
2
Suppose -4*p = r - 3*r + 16, r + 4*p = -16. Let o(u) = r*u - 17 + u + 15. Calculate o(-2).
-4
Let n(c) = -c**3 + 4*c**2 + 1. Let p = 13 + -10. Calculate n(p).
10
Let i(b) = 5*b - 12. Let z(a) = 4*a - 11. Let x(h) = 3*i(h) - 4*z(h). Suppose 3*v + 8 + 7 = 5*l, 0 = 4*v - l + 3. Calculate x(v).
8
Let k(x) = 20*x**2 + x + 4. Let t(d) = -7*d**2 - 1. Let h(n) = -2*k(n) - 7*t(n). Let j be (0 - 2)/2 + -3. Let o(w) = -w**2 - 4*w - 1. Let l be o(j). Give h(l).
10
Let s(w) = w**2 - w. Suppose 0*z - 11 = 2*o + z, 0 = -3*o + 5*z + 3. Calculate s(o).
20
Let p(q) = -9*q + 8*q - 3 + 5. Determine p(5).
-3
Let q(i) = -i**2 + 8*i - 2. Let k be (3/(-9))/((-1)/15). Calculate q(k).
13
Suppose -25 = 4*a - 5*w, w - 2 - 3 = 0. Let m(d) = 9 - 3 + a - d**2. What is m(0)?
6
Let r(k) = 4*k**3 + 10*k**2 + 4*k + 1. Let w(f) = -f**3 - f**2 - f - 1. Let u(v) = -r(v) - 3*w(v). Calculate u(-7).
9
Suppose -6*g = 46 - 16. Let n(a) = a**3 + 4*a**2 - 2*a - 2. Determine n(g).
-17
Let x(i) = i**3 - 4*i**2 + 3. Let q(t) = -4*t + 2. Let g be q(-1). Suppose 4*a - g - 6 = 0. Calculate x(a).
-6
Let d(n) = -195*n + 197*n + 0 - 4. What is d(-7)?
-18
Let b(d) = -7*d**3 - 4*d**2 - d + 11. Let y(q) = 3*q**3 + 2*q**2 - 5. Let w(c) = -2*b(c) - 5*y(c). Give w(-2).
-1
Let y be 22/(-5) + 4/10. Let p(n) = -2*n + 71 - 32 - 36. Give p(y).
11
Let n(k) = 2*k**2 - k**2 + 3 + 4 - 8*k + 2. Suppose g = 6*g - 35. Let q be n(g). Let r(t) = -t**2 + 2*t. What is r(q)?
0
Suppose 0 = -5*g - 2*z - 7 - 6, g + z + 5 = 0. Let c = 3 + g. Let f(w) = w - c + 1 - 1. Give f(2).
0
Let f(i) = i**2 - 5*i + 4. Suppose -23*b + 36 = -17*b. Give f(b).
10
Suppose -4*o + 4*x + 2 = -30, 3*x = -3*o - 6. Let h(m) = -9*m**3 - 13*m**3 + 21*m**o. Give h(-1).
1
Suppose x + 5 - 10 = 0. Suppose j = x*j. Let n(a) = -a**2 - a + 2. What is n(j)?
2
Let u = 228 + -227. Let l(x) be the second derivative of -x**5/4 - x**4/12 + x**3/6 - x**2/2 - x. Give l(u).
-6
Let f(c) = c**2 + 2. Let v(l) = 3*l**2 + l - 1. Let t be v(1). Let a be t + -3 + 0 + 0. What is f(a)?
2
Suppose -5*y + 2*k + 3 = 0, 11 = 5*y - 3*k - k. Let a be -1 + 10 + -1 - 3. Let s(q) = 1 - q - q - a*q**2 + 4*q. Determine s(y).
-6
Suppose -3*p = -16 + 1. Let a(s) = s**2 - 5*s + 3. Give a(p).
3
Let g(d) = 4*d**3 - 16*d**2 + 6. Let y(p) = -3*p**3 + 11*p**2 - 4. Let q(m) = 5*g(m) + 7*y(m). Let w be 4/1*(-1)/2. Determine q(w).
-2
Let m(g) = 69*g - 3 + 4 - 60*g. Determine m(1).
10
Suppose 4*n - 13 = -x, 3*x + 2 - 21 = -2*n. Let z(d) = d**n - 1 - 4 + 2 + 6*d. Let l(c) = c**3 + 7*c**2 + 7*c. Let q be l(-6). What is z(q)?
-3
Suppose 0 = -7*s + 3*s - 28. Let f(y) = y**3 + 8*y**2 + 5*y - 6. What is f(s)?
8
Suppose -6*u = -4*n - 2*u + 20, -n + 3 = u. Let i = n + -3. Let j(v) = 0*v + 2*v - 2 + i. What is j(-3)?
-7
Let i be (6/8)/((-2)/(-32)). Suppose 5*p = 3*r - 26, -2*r + 2*p + i = -0*p. Let d(z) = -6 - 3*z - r*z + 4*z. What is d(0)?
-6
Let p(z) = -42*z - 49*z + 92*z + 3. Determine p(-4).
-1
Let u(p) = 4*p**3 - 10*p**2 - 3*p - 7. Let v(c) = -3*c**3 + 9*c**2 + 3*c + 6. Let a(g) = 4*u(g) + 5*v(g). Suppose 6 + 10 = -4*d. What is a(d)?
6
Let n(s) = s**3 - 4*s**2 + s - 4. Let g be n(4). Let j be (-1)/2*g/(-2). Let w(d) = d**2 + d - 4. Calculate w(j).
-4
Let s(w) = -w**3 + 10*w**2 - 9*w + 13. Let q be s(9). Let u = q + -8. Let p(g) = g**3 - 6*g**2 + 4*g - 1. What is p(u)?
-6
Let x(k) = -2*k + 1. Let m be -6*(-2 - (-2 + 1)). Suppose z = -z + m. Suppose -2*h + z = -1. Determine x(h).
-3
Let z(n) = -7*n + 2*n - 4*n**2 + 3*n**2. Suppose -g - 3 = 2*g. Let p(o) = -6*o**2 - o. Let i be p(g). Give z(i).
0
Suppose 0*a = -4*a + 3*c + 44, 5*c + 4 = -2*a. Let j be (-16)/a + -2 + 0. Let q(s) = s**2 + 3*s - 4. What is q(j)?
0
Let g = 6 - 9. Let a be 2 + (-3)/(g/2). Let o(s) be the second derivative of -s**5/20 + s**4/4 + 2*s**3/3 + 5*s**2/2 + s. What is o(a)?
5
Let l(w) = 9*w - 1. Suppose -3*j + j = -18. Suppose o - 2*g - 20 = 0, 7*o - 4*g = 2*o + 70. Let i = o - j. Determine l(i).
8
Suppose -14 = -15*q + 19*q + t, 0 = 2*q - 3*t. Let h(b) = -b**3 - b**2 + 4*b - 1. Calculate h(q).
5
Let n(d) be the second derivative of d**3/6 + d**2 - 10*d. Calculate n(0).
2
Let l(r) = -10*r**2 + r - 3. Let z(v) = 11*v**2 - v + 4. Let d(c) = 3*l(c) + 2*z(c). Let g = -24 + 25. What is d(g)?
-8
Let c(w) = -8*w**2 - w**2 - 14 + 15 + 2*w**2. Let o = 3 + -1. Suppose 4*b = o*b + 2. Calculate c(b).
-6
Suppose -5 = -3*n + 4. Let j(l) = -n + 2 - 1 + 2*l. Give j(-3).
-8
Let k(x) = -x - 5. Let b = -187 - -193. Give k(b).
-11
Let h(t) be the first derivative of t**4/4 - 2*t**3/3 - t**2/2 - t - 1. What is h(2)?
-3
Let v = 40 - 44. Let h(t) be the third derivative of 1/3*t**3 + 0 + 1/4*t**4 + 1/10*t**5 + t**2 + 1/120*t**6 + 0*t. Give h(v).
10
Let q(n) = 2*n + 3. Suppose -22 = -2*o - 2*p, 2*o + 4*p - 10 = 6*p. Let b(f) = -f - 5. Let c be b(0). Let d = o + c. What is q(d)?
9
Let y(s) = 114*s - 63*s - 57*s. Calculate y(-1).
6
Let k(t) = 3*t**3 - 5*t**2 + 8*t + 8. Let u(v) = -5*v**3 + 10*v**2 - 16*v - 15. Let f(d) = 7*k(d) + 4*u(d). Let g be 4/8*(0 - 12). What is f(g)?
8
Let y(s) be the first derivative of s**3/3 - 3*s**2/2 + s + 3. Calculate y(4).
5
Suppose 5*v - 20 = -0*v. Suppose 3*n = -3*n + 42. Let m(w) = -w**3 + 11*w**2 - 3*w - n*w**2 + w**2 + 2. Calculate m(v).
6
Let f = -10 - -12. Suppose -f*z + 0*z - d + 1 = 0, 2*z - 26 = 4*d. Let q(y) = -y - 1. What is q(z)?
-4
Let a(d) = -d**3 - 3*d**2 + 2*d + 2. Suppose -7*h - 5 = -2*h. Let w be (-2)/h - (-2 + 1). Suppose w*o - 2 = -11. Give a(o).
-4
Suppose 0*n - 6 = -6*n. Let i(s) = 3*s**2 - 1. Give i(n).
2
Let g be ((-64)/48)/((-4)/18). Let w(r) = r**2 - 5*r - 3. Give w(g).
3
Let s(p) = p - 7. Suppose 2*f + 2*u = 0, 3*f - u - 25 = -f. Let n be s(f). Let w(z) = z**3 + 3*z**2 + 3*z + 1. What is w(n)?
-1
Let p(y) = 2*y**2 + 5. Let x(w) = -2*w + 4*w + w**2 + 0*w**2 - 3*w. Let c(v) = -p(v) + 3*x(v). Let s be 5 + (-1 - (3 + -3)). What is c(s)?
-1
Suppose -y + 3*y = 14. Let h(j) = j**2 - 8*j + 3. Give h(y).
-4
Let d(r) be the second derivative of -r**5/60 - 5*r**3/6 - 2*r. Let l(j) be the second derivative of d(j). Let v = 6 + -1. What is l(v)?
-10
Let d(h) = 10*h + 2 - 6*h - 3 - 3*h. Calculate d(2).
1
Suppose 13*c - 16*c = -18. Let n(s) = s - 8. Give n(c).
-2
Let z(a) be the second derivative of 1/12*a**4 + 1/2*a**2 - 2*a - 1/3*a**3 + 0. Suppose 2*o + 1 = -3*s - 0*s, 3*o - 4*s - 24 = 0. Determine z(o).
9
Suppose -2*t - 2*u - 4 = 0, 4*t + 6*u + 14 = 5*u. Suppose 3*x = -0*x + 3, -5*j + 7 = 2*x. Let f(v) = j - 5*v + v + 3*v. Give f(t).
5
Let v be 4/(-8) + 39/6. Let g be v/(-4)*(-3 + 1). Let r(j) = -2 + 2*j + 1 - j**2 - 1. What is r(g)?
-5
Let k be 2*-1 - (4 - 3). Let u = 5 + k. Let x(q) = -q - 2. Determine x(u).
-4
Let n(k) = k**3 + 4*k**2 - 1. Let z be (-4)/6 + (-14)/6. Calculate n(z).
8
Let h be (-95)/25 - (-2)/(-10). Let x(v) = -v**3 - 4*v**2 - 3*v - 6. Give x(h).
6
Let m(a) = a**3 + a**2 + a. Let s be (1/2)/(2/8). What is m(s)?
14
Let z(i) be the first derivative of 3*i**2 + 4*i - 5/12*i**4 + 1 + 1/20*i**5 - 1/3*i**3. Let t(h) be the first derivative of z(h). Determine t(5).
-4
Let g(b) be the second derivative of -1/12*b**4 + 3/2*b**2 + 10*b - 1/2*b**3 + 0. Let n(j) = 3*j + 3. Let f be n(-2). What is g(f)?
3
Suppose 3*t + 5*t - 16 = 0. Let m(p) = 1 + 2*p + 4*p**2 - 5*p**2 + 0*p. Give m(t).
1
Suppose -10 = 9*c - 7*c. Let v(h) = 5*h - 2*h**2 + 4*h**2 + h**3 + 6 + 4*h**2. Calculate v(c).
6
Suppose -4*s - 3 = 1. Let t(